 g(-81).
72
Let v(o) = -19*o**2 - 1520*o + 4709. Determine v(3).
-22
Let w(t) = -2*t**3 + 582*t**2 + 551*t + 9462. Calculate w(292).
-174
Let r(b) = -2*b**3 + 31*b**2 - 48*b + 955. Determine r(16).
-69
Let c(k) = -2*k**3 - 87*k**2 - 205*k - 13. What is c(-41)?
-13
Let c(a) = a**3 + 100*a**2 + 887*a + 612. Determine c(-9).
0
Let m(b) = 1344*b + 20285. Determine m(-15).
125
Let d(r) = -2*r**3 + 11*r**2 + 101*r - 557. Calculate d(8).
-69
Let k(n) = -405*n - 10691. Calculate k(-26).
-161
Let h(y) = 9050*y + 2941188. Give h(-325).
-62
Let k(x) = 2*x**2 - 260*x + 8371. What is k(62)?
-61
Let a(t) = -757*t**3 - 3*t**2 + 24*t + 27. What is a(-1)?
757
Let z(r) = -174*r**3 - 5*r**2 - 12*r - 10. Calculate z(-1).
171
Let c(z) = -9160*z - 11633197. Give c(-1270).
3
Let h(y) = -238*y**2 + 33848*y - 7387. Calculate h(142).
-3
Let u(i) = i**3 + 19*i**2 - 17*i - 704. Give u(-15).
451
Let i(o) = 2*o**3 - 17*o**2 + 3*o - 1611. Determine i(13).
-51
Let k(j) = 4*j**2 - 3393*j - 16187. What is k(853)?
20
Let q(v) = 454*v**3 - 948*v**2 + 24*v - 55. Determine q(2).
-167
Let h(d) = d**3 - 5*d**2 + 648*d - 18. Calculate h(0).
-18
Let k(d) = -53*d**3 + 62*d**2 + 148*d - 8. Determine k(-3).
1537
Let a(y) = 707*y - 25754. Determine a(37).
405
Let z(q) = q**2 + 4845*q + 2676913. Determine z(-636).
-11
Let f(q) = -q**2 + 1622*q - 58639. What is f(37)?
6
Let w(t) = -3*t**2 + 405*t + 24360. Calculate w(-45).
60
Let h(n) = -308*n + 209. What is h(-4)?
1441
Let v(h) = -28686*h - 602421. What is v(-21)?
-15
Let v(h) = h**2 - 383*h - 54836. Give v(-111).
-2
Let f(x) = 3*x**3 + 45*x**2 - 32*x + 1045. Determine f(-21).
-6221
Let o(y) = 239*y**2 + 1734*y - 1283. Determine o(-8).
141
Let r(t) = 5*t**3 - 91*t**2 + 269*t + 13. What is r(15)?
448
Let z(x) = -2917*x + 933263. Determine z(320).
-177
Let p(v) = v**3 + 58*v**2 - 39*v - 73. What is p(0)?
-73
Let f(w) = 7151*w + 5878143. Give f(-822).
21
Let o(t) = -t**3 - 102*t**2 - 2389*t - 4774. Determine o(-32).
-6
Let c(z) = -763*z**2 - 3070*z - 70. Calculate c(-4).
2
Let o(u) = -5899*u + 2684045. What is o(455)?
0
Let j(o) = 2*o**2 + 3371*o + 1392495. Give j(-961).
6
Let c(j) = -j**3 - 75*j**2 - 634*j - 2645. What is c(-66)?
-5
Let t(k) = 519*k - 12384. Determine t(24).
72
Let u(x) = 66*x**2 - 37878*x + 109619. Determine u(571).
-13
Let n(t) = -270807*t + 1895699. Determine n(7).
50
Let g(d) = 9*d**2 - 1603*d - 94956. Determine g(225).
-6
Let h(q) = -q**3 + 7*q**2 + 197*q + 51. What is h(-11)?
62
Let a(u) = -u**2 - 87*u - 1889. Give a(-40).
-9
Let r(k) = 46*k**2 + 290*k + 455. Give r(-3).
-1
Let f(k) = 12211*k + 232011. Calculate f(-19).
2
Let u(q) = 2*q**2 + 501*q + 5880. Determine u(-12).
156
Let k(p) = -p**3 + 12*p**2 + 160*p + 13. What is k(24)?
-3059
Let t(o) = -3572*o + 11267. Determine t(3).
551
Let v(q) = -2*q**3 - 276*q**2 + 361*q + 11543. Give v(-139).
6
Let s(v) = 3*v**3 + 34*v**2 - 347*v - 40. Calculate s(8).
896
Let a(k) = -5*k**2 - 191*k - 1427. Determine a(-30).
-197
Let v(m) = 2*m**3 + 85*m**2 + 158*m + 3100. Calculate v(-41).
1665
Let f(h) = -8729*h**2 + 17455*h + 3. What is f(2)?
-3
Let j(b) = -8*b**2 - 214*b - 1675. What is j(-13)?
-245
Let y(a) = -2617*a + 26002. Determine y(10).
-168
Let p(s) = -5816964*s - 93071422. Determine p(-16).
2
Let q(v) = 12981*v - 87167. Determine q(7).
3700
Let c(f) = -16*f**2 - 8911*f + 203781. What is c(22)?
-5
Let f(k) = -k**3 + 6*k**2 + 7103*k - 35529. What is f(5)?
11
Let g(w) = -2*w**2 - 443924*w - 7102268. Give g(-16).
4
Let a(y) = -2*y**3 - 10*y**2 - y - 140. Give a(7).
-1323
Let c(b) = -b**2 + 466*b + 26753. Give c(-51).
386
Let f(n) = 12279*n + 159968. Give f(-13).
341
Let a(o) = 20*o**3 - 298*o**2 + 28*o - 878. What is a(15)?
-8
Let s(o) = 4*o**2 - 50184*o - 251025. Give s(-5).
-5
Let j(q) = 82136*q + 657074. Determine j(-8).
-14
Let g(t) = -1080*t - 15572. Give g(-15).
628
Let d(p) = p**3 - 216*p**2 + 9663*p - 12698. Give d(61).
-10
Let r(p) = 4*p**3 + 8*p**2 + 1687*p + 5029. What is r(-3)?
-68
Let o(p) = 5*p**2 - 2988*p - 27283. Calculate o(-9).
14
Let j(a) = -21*a**2 - 1151*a - 7025. Give j(-6).
-875
Let j(b) = -b**3 + 173*b**2 + 150*b + 66574. Determine j(176).
46
Let m(c) = -c**3 - 55*c**2 + 85*c + 2217. Give m(-56).
593
Let w(n) = -3*n**3 - 7*n**2 - 100*n - 540. Determine w(-5).
160
Let a(h) = -23*h**2 - 435*h + 3056. Determine a(7).
-1116
Let h(r) = -13726*r - 82117. Give h(-6).
239
Let r(j) = 2690*j - 371207. Calculate r(138).
13
Let r(t) = 2*t**2 - 60*t - 1405. Determine r(-19).
457
Let s(r) = -13*r**3 + 225*r**2 - 58*r + 42. Determine s(17).
212
Let y(w) = w**3 - 125*w**2 - 128*w + 301. What is y(126)?
49
Let s(p) = -169919*p + 509760. Determine s(3).
3
Let m(p) = -p**2 + 5455*p + 2778359. Determine m(-469).
3
Let t(l) = -2*l**3 - 206*l**2 - 220*l - 1925. Calculate t(-102).
-293
Let c(r) = r**3 - 10*r**2 - 509*r + 101. Give c(28).
-39
Let z(k) = k**3 - 23*k**2 - 16*k + 220. Determine z(21).
-998
Let n(i) = i**3 + 98*i**2 + 201*i + 269. Give n(-96).
-595
Let f(u) = -124*u - 602. Give f(-6).
142
Let t(k) = -65927*k - 133633. Calculate t(-2).
-1779
Let l(d) = -3501*d + 252076. Determine l(72).
4
Let x(f) = 6*f**3 + 452*f**2 + 2982*f - 664. What is x(-68)?
16
Let v(b) = b**3 + 161*b**2 - 207*b - 58428. What is v(-160)?
292
Let p(n) = -176*n - 32807. Determine p(-139).
-8343
Let u(h) = 8*h**2 - 179*h - 2266. Give u(33).
539
Let s(u) = -84*u**2 - 177*u - 408. What is s(-2)?
-390
Let g(i) = -264*i**2 - 1345*i - 194. Give g(-5).
-69
Let l(h) = -685*h**3 - 38*h**2 + 34*h + 2. Calculate l(1).
-687
Let k(y) = 182*y**2 + 114*y + 349. What is k(-3)?
1645
Let x(q) = q**3 + 48*q**2 - 5*q - 724. Determine x(-48).
-484
Let a(j) = -5*j**2 + 34*j + 877. Give a(-10).
37
Let p(n) = -2*n**3 + 1185*n**2 + 6939*n - 1459. What is p(-6)?
-1
Let u(f) = -2*f**3 + 29*f**2 + 25*f - 507. Give u(14).
39
Let d(s) = -49287*s - 295836. Calculate d(-6).
-114
Let x(z) = z**3 + 98*z**2 - 75*z + 11110. Calculate x(-100).
-1390
Let x(c) = -c**2 + 37321*c - 3647856. Determine x(98).
-2
Let b(c) = c**3 - 117*c**2 + 144*c - 3585. What is b(116)?
-337
Let o(s) = -7*s**2 + 3373*s + 77593. What is o(-22)?
-1
Let s(n) = -289*n - 13690. Determine s(-46).
-396
Let t(o) = -3116*o - 43735. Determine t(-14).
-111
Let t(w) = -9*w**2 + 199*w + 165. What is t(-4)?
-775
Let i(o) = -48*o**3 + 767*o**2 + 7*o + 130. Calculate i(16).
-14
Let o(p) = -p**3 - 78*p**2 - 187*p - 2681. What is o(-76)?
-21
Let i(p) = 35066*p - 22196779. What is i(633)?
-1
Let t(i) = -1086*i + 65127. Determine t(60).
-33
Let p(y) = -102*y**2 - 6008*y + 12984. What is p(-61)?
-70
Let x(v) = 31*v - 2261. Determine x(77).
126
Let n(v) = -753*v + 222133. Calculate n(295).
-2
Let z(h) = -15*h**3 + 9*h**2 + 4*h - 41. Calculate z(-3).
433
Let b(v) = -2*v**3 - 166*v**2 - 1496*v - 2602. What is b(-73)?
26
Let o(z) = -z**2 + 5*z + 6555. What is o(-78)?
81
Let f(w) = 3134*w - 2884. What is f(1)?
250
Let f(j) = -23*j**3 - 89*j**2 - 9359*j - 37484. Determine f(-4).
0
Let p(x) = -7*x**2 + 113*x + 2307. What is p(28)?
-17
Let b(n) = 109*n**2 + 4679*n - 459. What is b(-43)?
-115
Let y(t) = -t**3 - 85*t**2 + 34*t + 6482. What is y(-9)?
20
Let w(o) = -2*o**3 + 16*o**2 + 147*o - 1186. Give w(10).
-116
Let p(k) = 379*k + 21408. What is p(-54)?
942
Let d(q) = 1001*q - 4238. Calculate d(4).
-234
Let p(j) = -16947*j + 152536. What is p(9)?
13
Let w(o) = -11*o**3 + 3459*o**2 + 17571*o + 3. Determine w(-5).
-2
Let z(j) = -j**3 + 5*j**2 - 234*j + 3927. Give z(13).
-467
Let c(k) = -k**3 - 43*k**2 - 80*k - 4312. What is c(-43)?
-872
Let m(q) = -q**3 - 300*q**2 - 13053*q - 3915894. Calculate m(-300).
6
Let l(r) = 7800*r - 38981. Calculate l(5).
19
Let q(c) = -c**3 + 392*c**2 + 2388*c - 26. What is q(-6)?
-26
Let j(d) = 465*d - 40468. Give j(87).
-13
Let r(q) = 1285*q + 110553. Give r(-86).
43
Let b(j) = -3234*j - 899057. What is b(-278)?
-5
Let j(r) = 52*r**3 + 476*r**2 + 47*r - 9. Calculate j(-9).
216
Let h(c) = 5334*c - 84681. Calculate h(16).
663
Let a(h) = 2*h**2 + 344*h - 278. Calculate a(-174).
418
Let l(o) = -o**3 + 52*o**2 - 219*o - 674. Determine l(7).
-2
Let h(r) = 140985*r**2 + 3524625*r - 6. Determine h(-25).
-6
Let o(q) = q**3 + 119*q**2 - 116*q - 11244. What is o(-119)?
2560
Let j(s) = 1305*s - 1159. Calculate j(1).
146
Let q(o) = o**2 - 850*o + 7536. Give q(9)